at is -2100 + -4?
-2104
In base 14, what is -34 + 2?
-32
In base 10, what is -2 - -186?
184
In base 11, what is -1 + a71?
a70
In base 5, what is -114213 + 0?
-114213
In base 14, what is -3 - 15?
-18
In base 4, what is -1303 - -3?
-1300
In base 4, what is -121 - 3032?
-3213
In base 11, what is 6 - 20?
-15
In base 4, what is 11013 - 10?
11003
In base 8, what is -723 - -27?
-674
In base 16, what is 2 - 44?
-42
In base 10, what is -57 - 33?
-90
In base 7, what is -10 + 35?
25
In base 3, what is 11000 + 20?
11020
In base 7, what is 3 + -21?
-15
In base 8, what is 16125 + -3?
16122
In base 3, what is -1212 + -111?
-2100
In base 9, what is 577 + 17?
605
In base 11, what is 4 - -588?
591
In base 5, what is 1 + 4020?
4021
In base 5, what is 3 - 10240?
-10232
In base 9, what is 166 - 70?
86
In base 5, what is 31 - -4?
40
In base 2, what is -1010000011 - 10?
-1010000101
In base 16, what is e4 + -22?
c2
In base 5, what is 43 - 11?
32
In base 12, what is 86 - -2?
88
In base 3, what is 11 + -22211111?
-22211100
In base 14, what is -1 - 776?
-777
In base 12, what is -5 + -201?
-206
In base 10, what is -5 - 438?
-443
In base 16, what is 0 - 164?
-164
In base 8, what is 15 + -6?
7
In base 7, what is -1 + 10?
6
In base 5, what is -10 - 321?
-331
In base 9, what is -75 + 3?
-72
In base 8, what is -1 + -26?
-27
In base 3, what is -11 + 121020?
121002
In base 14, what is -d + 3a?
2b
In base 16, what is 3 + -ba?
-b7
In base 14, what is 0 - -398?
398
In base 10, what is 0 + 376?
376
In base 14, what is -4 - 5c1?
-5c5
In base 10, what is 58 - 8?
50
In base 8, what is 107 - 37?
50
In base 10, what is -439 - -5?
-434
In base 11, what is -5 - 7?
-11
In base 15, what is bc7 - 6?
bc1
In base 14, what is -5 + -7c4?
-7c9
In base 13, what is -b46 + 5?
-b41
In base 5, what is 1 - -32?
33
In base 5, what is 40 - -4?
44
In base 16, what is 11 - -3a?
4b
In base 13, what is 2 - -2c?
31
In base 11, what is 54 + -6?
49
In base 15, what is 5 - -6e5?
6ea
In base 14, what is -5 - -9?
4
In base 15, what is 9e - e?
90
In base 7, what is 606 - -2?
611
In base 7, what is -133 + 1?
-132
In base 2, what is -111011111000111 - -101?
-111011111000010
In base 8, what is 4 - 425?
-421
In base 11, what is -930 - -4?
-927
In base 12, what is 0 - -10b6?
10b6
In base 16, what is 1a - -e?
28
In base 9, what is 1253 + -16?
1236
In base 13, what is -15 + -8?
-20
In base 7, what is 5 + 1141?
1146
In base 3, what is 1122 + 11?
1210
In base 5, what is -144 - 0?
-144
In base 3, what is 210 - 0?
210
In base 9, what is -71 + 3?
-67
In base 6, what is 220 - 15?
201
In base 16, what is -1d - 173?
-190
In base 4, what is -233 + -10?
-303
In base 12, what is 4 + 10b?
113
In base 10, what is -2513 + 0?
-2513
In base 15, what is -2 - -19?
17
In base 14, what is 3 + -430?
-42b
In base 15, what is -8 - -4?
-4
In base 4, what is -303 + -11320?
-12223
In base 16, what is -7 + -6?
-d
In base 9, what is 28622 - 3?
28618
In base 16, what is -1 - 42?
-43
In base 14, what is 6 - -5a?
62
In base 15, what is -1 - -b63?
b62
In base 9, what is 61 + 4?
65
In base 15, what is 1 - 432?
-431
In base 8, what is 22 + 23?
45
In base 16, what is -15 + 11?
-4
In base 4, what is -11 - 1022?
-1033
In base 5, what is 121 - 0?
121
In base 10, what is 5 + -25?
-20
In base 5, what is -2 + 1342?
1340
In base 15, what is 136 + 1?
137
In base 4, what is -1 + -112?
-113
In base 9, what is 1760 + 0?
1760
In base 9, what is -2085 + 3?
-2082
In base 15, what is b + -a?
1
In base 2, what is 1 - -1011000001?
1011000010
In base 6, what is 123033 - 0?
123033
In base 10, what is 4 - -749?
753
In base 9, what is -6 - -647?
641
In base 6, what is 3221 - 3?
3214
In base 8, what is -4 + 117?
113
In base 13, what is 0 - -69?
69
In base 15, what is -1 - -275?
274
In base 14, what is 342 - 6?
33a
In base 10, what is 109 + 2?
111
In base 8, what is -26 + -5?
-33
In base 4, what is 20 + 31022?
31102
In base 9, what is 120 - 3?
116
In base 9, what is -3 - -353?
350
In base 14, what is -18 + 8?
-10
In base 3, what is -12 + 1110?
1021
In base 13, what is -2 - 859?
-85b
In base 12, what is -5 - 41?
-46
In base 15, what is 1c - -274?
291
In base 6, what is -1242 - -1?
-1241
In base 5, what is 11433 + -4?
11424
In base 15, what is -13 + -11?
-24
In base 3, what is -11 + 1221?
1210
In base 11, what is 25 + 1a?
44
In base 9, what is 0 - -83?
83
In base 12, what is b86a + 2?
b870
In base 10, what is -16 - 8?
-24
In base 11, what is 176 - -2?
178
In base 14, what is -233 + -5?
-238
In base 16, what is -642 + 5?
-63d
In base 5, what is 2002 + -3?
1444
In base 6, what is 2255 - -5?
2304
In base 5, what is 2 - 132144?
-132142
In base 8, what is 0 + -56?
-56
In base 16, what is -29 - 5?
-2e
In base 11, what is 45 - -2?
47
In base 6, what is -2 + -502?
-504
In base 4, what is -100232 - 11?
-100303
In base 3, what is -1 + 2212?
2211
In base 16, what is 23fc - -2?
23fe
In base 8, what is 72 + 501?
573
In base 12, what is -36 + -11?
-47
In base 3, what is 222 + -22?
200
In base 13, what is -c2 + -8?
-ca
In base 9, what is 17 - -70?
87
In base 16, what is 4 + -e?
-a
In base 6, what is 51 - 125?
-34
In base 13, what is -3c4 + -1?
-3c5
In base 16, what is -34 - -19?
-1b
In base 10, what is -9 - -43?
34
In base 13, what is -4 + -16?
-1a
In base 12, what is -3 - 92a?
-931
In base 16, what is -18 - 379?
-391
In base 13, what is -46 - -2?
-44
In base 15, what is -70 - 3?
-73
In base 2, what is 111 + -110110?
-101111
In base 9, what is 1482 + 5?
1487
In base 11, what is 19 + 32?
50
In base 13, what is -2 + 3?
1
In base 2, what is 10 - 11101011110?
-11101011100
In base 16, what is -6f9 - -1?
-6f8
In base 2, what is -111111110101 - 1?
-111111110110
In base 8, what is -1601 + 0?
-1601
In base 13, what is -71a2 + -1?
-71a3
In base 6, what is 44 + -550?
-502
In base 8, what is -5 + 736?
731
In base 13, what is -4 - 124?
-128
In base 15, what is 59e + -4?
59a
In base 15, what is -6e96 - 1?
-6e97
In base 8, what is -2 + -175?
-177
In base 7, what is 2253 - -3?
2256
In base 13, what is -1c5 - -4?
-1c1
In base 15, what is -40 - 9c?
-dc
In base 3, what is -11 + -1110011?
-1110022
In base 9, what is -7 + -516?
-524
In base 5, what is -124 - -232?
103
In base 3, what is -201 + 1120?
212
In base 15, what is 5 + -11?
-b
In base 3, what is 20 - 100100?
-100010
In base 10, what is -9 - 27?
-36
In base 11, what is -5287 - 0?
-5287
In base 8, what is -4 + -476?
-502
In base 8, what is 134 - 4?
130
In base 3, what is 2 - -12101?
12110
In base 12, what is 1a9 - 28?
181
In base 2, what is 11101001101 + -1?
11101001100
In base 6, what is -5 - -540?
531
In base 12, what is 0 - 233?
-233
In base 16, what is -c6 + -2?
-c8
In base 8, what is 40 + -114?
-54
In base 16, what is -b - 4d?
-58
In base 11, what is -31 - -1?
-30
In base 7, what is 3164 - 2?
3162
In base 10, what is 32 + -66?
-34
In base 15, what is 0 + -40?
-40
In base 2, what is -100001100 - 100?
-100010000
In base 7, what is -5 + 623?
615
In base 16, what is -c43b - 1?
-c43c
In base 6, what is 34 + -3?
31
In base 10, what is -207 - -17?
-190
In base 9, what is -131 - 20?
-151
In base 14, what is -a - 75?
-81
In base 9, what is 84 - -1?
85
In base 15, what is -3 + -7c?
-80
In base 12, what is -543 - 0?
-543
In base 11, what is 197 - 7?
190
In base 4, what is -1213303 + 2?
-1213301
In base 8, what is -2 + -12515?
-12517
In base 4, what is -31 - 200?
-231
In base 7, what is -6 - -210?
201
In base 11, what is 1 - -19?
1a
In base 13, what is -21 + -5?
-26
In base 13, what is 5 - -26?
2b
In base 4, what is 10032 - 11?
10021
In base 15, what is 5 + -3c?
-37
In base 3, what is 21 + -2111?
-2020
In base 11, what is -1571 + -1?
-1572
In base 13, what is 19 + 30?
49
In base 11, what is -4 + -649?
-652
In base 7, what is 2164 + 1?
2165
In base 3, what is -221 - -200?
-21
In base 2, what is 11011 + -10001010?
-1101111
In base 12, what is -25 - -11?
-14
In base 6, what is 4 + -355?
-351
In base 13, what is 22a - -2?
22c
In base 13, what is -3 + -410?
-413
In base 14, what is 4c5 - -20?
505
In base 15, what is -231 + 0?
-231
In base 4, what is -2 + 321121?
321113
In base 10, what is -427 - 2?
-429
In base 10, what is 163 + 5?
168
In base 8, what is -1356 + -2?
-1360
In base 9, what is 1 - -1642?
1643
In base 6, what is -22 - -2502?
2440
In base 6, what is -2 + 